{"id":8,"date":"2015-07-06T11:20:12","date_gmt":"2015-07-06T11:20:12","guid":{"rendered":"http:\/\/juanjosefernandez.es\/?page_id=8"},"modified":"2016-01-12T11:38:15","modified_gmt":"2016-01-12T11:38:15","slug":"bio","status":"publish","type":"page","link":"https:\/\/juanjosefernandez.es\/pt\/bio\/","title":{"rendered":"Bio"},"content":{"rendered":"<div class=\"wpb-content-wrapper\"><p>[vc_row][vc_column][lab_heading title=&#8221; \u201cEl amor por los Jardines no es algo que se estudia, ni se aprende, es algo que se siente\u201d. &#8220;]Disfr\u00fatalo.[\/lab_heading][\/vc_column][\/vc_row][vc_row][vc_column reveal_effect=&#8221;&#8221; css=&#8221;.vc_custom_1447781377793{padding-top: 10px !important;padding-right: 10px !important;padding-bottom: 10px !important;padding-left: 10px !important;}&#8221;][vc_single_image image=&#8221;762&#8243; img_size=&#8221;1200&#215;450&#8243; alignment=&#8221;center&#8221; onclick=&#8221;link_image&#8221;][vc_column_text]Huelva es mi hogar, y desde aqu\u00ed desarrollo mi actividad y mi pasi\u00f3n: el Paisajismo.<\/p>\n<p>Tras cursar estudios primarios, me diplomo como<strong> Ingeniero T\u00e9cnico Agr\u00edcola <\/strong>por la<strong> Universidad Polit\u00e9cnica de La R\u00e1bida<\/strong>, perteneciente a la Universidad de Huelva (UHU).<\/p>\n<p>Tras dos intensos a\u00f1os, consigo una <strong>Beca Leonardo Da Vinci<\/strong>, en la que compagino trabajo y el estudio del <strong>idioma en Italia<\/strong>.<br \/>\nA continuaci\u00f3n vuelvo a volar a Espa\u00f1a, esta vez a Almer\u00eda, para cursar un <strong>Postgrado en Cultivos Hidrop\u00f3nicos en la Universidad de Almer\u00eda<\/strong>.<br \/>\nEn esta \u00e9poca comienzo mi actividad laboral en diferentes puestos de grandes explotaciones agr\u00edcolas de Huelva.<\/p>\n<p>Y de nuevo a volar, esta vez a Madrid, donde curso el <strong>Master de Jardiner\u00eda y Paisajismo de la Universidad Polit\u00e9cnica de Madrid<\/strong>, d\u00f3nde adquiero los conocimientos y herramientas imprescindibles que hoy me permiten desarrollar mi actividad como Paisajista.<\/p>\n<p>Actualmente, desarrollo mis proyectos desde Huelva, junto a mis colaboradores, para toda la geograf\u00eda nacional.[\/vc_column_text][\/vc_column][\/vc_row]<\/p>\n<\/div>","protected":false},"excerpt":{"rendered":"<p>[vc_row][vc_column][lab_heading title=&#8221; \u201cEl amor por los Jardines no es algo que se estudia, ni se aprende, es algo que se siente\u201d. &#8220;]Disfr\u00fatalo.[\/lab_heading][\/vc_column][\/vc_row][vc_row][vc_column reveal_effect=&#8221;&#8221; css=&#8221;.vc_custom_1447781377793{padding-top: 10px !important;padding-right: 10px !important;padding-bottom: 10px !important;padding-left: 10px !important;}&#8221;][vc_single_image image=&#8221;762&#8243; img_size=&#8221;1200&#215;450&#8243; alignment=&#8221;center&#8221; onclick=&#8221;link_image&#8221;][vc_column_text]Huelva es mi hogar, y desde aqu\u00ed desarrollo mi actividad y mi pasi\u00f3n: el Paisajismo. Tras cursar estudios primarios, me&hellip;<\/p>\n","protected":false},"author":1,"featured_media":759,"parent":0,"menu_order":0,"comment_status":"open","ping_status":"open","template":"","meta":{"_acf_changed":false,"inline_featured_image":false,"footnotes":""},"class_list":["post-8","page","type-page","status-publish","has-post-thumbnail","hentry"],"acf":[],"yoast_head":"<!-- This site is optimized with the Yoast SEO plugin v24.9 - https:\/\/yoast.com\/wordpress\/plugins\/seo\/ -->\n<title>Bio - Juan Jos\u00e9 Fern\u00e1ndez - Jardiner\u00eda y Paisajismo - Huelva<\/title>\n<meta name=\"description\" content=\"Bio - Servicios de paisajismo y jardiner\u00eda profesional en Huelva y Andaluc\u00eda. Juan Jos\u00e9 Fern\u00e1ndez. Paisajismo - Jardiner\u00eda - Mantenimiento - Asesoramiento\u00a0\" \/>\n<meta name=\"robots\" content=\"index, follow, max-snippet:-1, max-image-preview:large, max-video-preview:-1\" \/>\n<link rel=\"canonical\" href=\"https:\/\/juanjosefernandez.es\/pt\/bio\/\" \/>\n<meta property=\"og:locale\" content=\"pt_PT\" \/>\n<meta property=\"og:type\" content=\"article\" \/>\n<meta property=\"og:title\" content=\"Bio - Juan Jos\u00e9 Fern\u00e1ndez - Jardiner\u00eda y Paisajismo - Huelva\" \/>\n<meta property=\"og:description\" content=\"Bio - Servicios de paisajismo y jardiner\u00eda profesional en Huelva y Andaluc\u00eda. Juan Jos\u00e9 Fern\u00e1ndez. Paisajismo - Jardiner\u00eda - Mantenimiento - Asesoramiento\u00a0\" \/>\n<meta property=\"og:url\" content=\"https:\/\/juanjosefernandez.es\/pt\/bio\/\" \/>\n<meta property=\"og:site_name\" content=\"juanjosefernandez\" \/>\n<meta property=\"article:modified_time\" content=\"2016-01-12T11:38:15+00:00\" \/>\n<meta property=\"og:image\" content=\"https:\/\/juanjosefernandez.es\/wp-content\/uploads\/2015\/07\/bio-ok.jpg\" \/>\n\t<meta property=\"og:image:width\" content=\"3456\" \/>\n\t<meta property=\"og:image:height\" content=\"2304\" \/>\n\t<meta property=\"og:image:type\" content=\"image\/jpeg\" \/>\n<meta name=\"twitter:card\" content=\"summary_large_image\" \/>\n<meta name=\"twitter:label1\" content=\"Tempo estimado de leitura\" \/>\n\t<meta name=\"twitter:data1\" content=\"5 minutos\" \/>\n<script type=\"application\/ld+json\" class=\"yoast-schema-graph\">{\"@context\":\"https:\/\/schema.org\",\"@graph\":[{\"@type\":\"WebPage\",\"@id\":\"https:\/\/juanjosefernandez.es\/pt\/bio\/\",\"url\":\"https:\/\/juanjosefernandez.es\/pt\/bio\/\",\"name\":\"Bio - Juan Jos\u00e9 Fern\u00e1ndez - Jardiner\u00eda y Paisajismo - Huelva\",\"isPartOf\":{\"@id\":\"https:\/\/juanjosefernandez.es\/pt\/#website\"},\"primaryImageOfPage\":{\"@id\":\"https:\/\/juanjosefernandez.es\/pt\/bio\/#primaryimage\"},\"image\":{\"@id\":\"https:\/\/juanjosefernandez.es\/bio\/#primaryimage\"},\"thumbnailUrl\":\"https:\/\/juanjosefernandez.es\/wp-content\/uploads\/2015\/07\/bio-ok.jpg\",\"datePublished\":\"2015-07-06T11:20:12+00:00\",\"dateModified\":\"2016-01-12T11:38:15+00:00\",\"description\":\"Bio - Servicios de paisajismo y jardiner\u00eda profesional en Huelva y Andaluc\u00eda. Juan Jos\u00e9 Fern\u00e1ndez. Paisajismo - Jardiner\u00eda - Mantenimiento - Asesoramiento\u00a0\",\"breadcrumb\":{\"@id\":\"https:\/\/juanjosefernandez.es\/pt\/bio\/#breadcrumb\"},\"inLanguage\":\"pt-PT\",\"potentialAction\":[{\"@type\":\"ReadAction\",\"target\":[[\"https:\/\/juanjosefernandez.es\/pt\/bio\/\"]]}]},{\"@type\":\"ImageObject\",\"inLanguage\":\"pt-PT\",\"@id\":\"https:\/\/juanjosefernandez.es\/pt\/bio\/#primaryimage\",\"url\":\"https:\/\/juanjosefernandez.es\/wp-content\/uploads\/2015\/07\/bio-ok.jpg\",\"contentUrl\":\"https:\/\/juanjosefernandez.es\/wp-content\/uploads\/2015\/07\/bio-ok.jpg\",\"width\":3456,\"height\":2304,\"caption\":\"Bio - Juan Jos\u00e9 Fern\u00e1ndez - Jardiner\u00eda y Paisajismo - Huelva\"},{\"@type\":\"BreadcrumbList\",\"@id\":\"https:\/\/juanjosefernandez.es\/pt\/bio\/#breadcrumb\",\"itemListElement\":[{\"@type\":\"ListItem\",\"position\":1,\"name\":\"Portada\",\"item\":\"https:\/\/juanjosefernandez.es\/pt\/\"},{\"@type\":\"ListItem\",\"position\":2,\"name\":\"Bio\"}]},{\"@type\":\"WebSite\",\"@id\":\"https:\/\/juanjosefernandez.es\/pt\/#website\",\"url\":\"https:\/\/juanjosefernandez.es\/pt\/\",\"name\":\"juanjosefernandez\",\"description\":\"paisajista | landscaper\",\"publisher\":{\"@id\":\"https:\/\/juanjosefernandez.es\/pt\/#\/schema\/person\/48b0547b9beac3e217ece751a4575600\"},\"potentialAction\":[{\"@type\":\"SearchAction\",\"target\":{\"@type\":\"EntryPoint\",\"urlTemplate\":\"https:\/\/juanjosefernandez.es\/pt\/?s={search_term_string}\"},\"query-input\":{\"@type\":\"PropertyValueSpecification\",\"valueRequired\":true,\"valueName\":\"search_term_string\"}}],\"inLanguage\":\"pt-PT\"},{\"@type\":[\"Person\",\"Organization\"],\"@id\":\"https:\/\/juanjosefernandez.es\/pt\/#\/schema\/person\/48b0547b9beac3e217ece751a4575600\",\"name\":\"juanjosefernandez\",\"image\":{\"@type\":\"ImageObject\",\"inLanguage\":\"pt-PT\",\"@id\":\"https:\/\/juanjosefernandez.es\/pt\/#\/schema\/person\/image\/\",\"url\":\"https:\/\/juanjosefernandez.es\/wp-content\/uploads\/2015\/07\/jj-simbolo2.png\",\"contentUrl\":\"https:\/\/juanjosefernandez.es\/wp-content\/uploads\/2015\/07\/jj-simbolo2.png\",\"width\":198,\"height\":198,\"caption\":\"juanjosefernandez\"},\"logo\":{\"@id\":\"https:\/\/juanjosefernandez.es\/pt\/#\/schema\/person\/image\/\"}}]}<\/script>\n<!-- \/ Yoast SEO plugin. -->","yoast_head_json":{"title":"Bio - Juan Jos\u00e9 Fern\u00e1ndez - Jardiner\u00eda y Paisajismo - Huelva","description":"Bio - Servicios de paisajismo y jardiner\u00eda profesional en Huelva y Andaluc\u00eda. Juan Jos\u00e9 Fern\u00e1ndez. Paisajismo - Jardiner\u00eda - Mantenimiento - Asesoramiento\u00a0","robots":{"index":"index","follow":"follow","max-snippet":"max-snippet:-1","max-image-preview":"max-image-preview:large","max-video-preview":"max-video-preview:-1"},"canonical":"https:\/\/juanjosefernandez.es\/pt\/bio\/","og_locale":"pt_PT","og_type":"article","og_title":"Bio - Juan Jos\u00e9 Fern\u00e1ndez - Jardiner\u00eda y Paisajismo - Huelva","og_description":"Bio - Servicios de paisajismo y jardiner\u00eda profesional en Huelva y Andaluc\u00eda. Juan Jos\u00e9 Fern\u00e1ndez. Paisajismo - Jardiner\u00eda - Mantenimiento - Asesoramiento\u00a0","og_url":"https:\/\/juanjosefernandez.es\/pt\/bio\/","og_site_name":"juanjosefernandez","article_modified_time":"2016-01-12T11:38:15+00:00","og_image":[{"width":3456,"height":2304,"url":"https:\/\/juanjosefernandez.es\/wp-content\/uploads\/2015\/07\/bio-ok.jpg","type":"image\/jpeg"}],"twitter_card":"summary_large_image","twitter_misc":{"Tempo estimado de leitura":"5 minutos"},"schema":{"@context":"https:\/\/schema.org","@graph":[{"@type":"WebPage","@id":"https:\/\/juanjosefernandez.es\/pt\/bio\/","url":"https:\/\/juanjosefernandez.es\/pt\/bio\/","name":"Bio - Juan Jos\u00e9 Fern\u00e1ndez - Jardiner\u00eda y Paisajismo - Huelva","isPartOf":{"@id":"https:\/\/juanjosefernandez.es\/pt\/#website"},"primaryImageOfPage":{"@id":"https:\/\/juanjosefernandez.es\/pt\/bio\/#primaryimage"},"image":{"@id":"https:\/\/juanjosefernandez.es\/bio\/#primaryimage"},"thumbnailUrl":"https:\/\/juanjosefernandez.es\/wp-content\/uploads\/2015\/07\/bio-ok.jpg","datePublished":"2015-07-06T11:20:12+00:00","dateModified":"2016-01-12T11:38:15+00:00","description":"Bio - Servicios de paisajismo y jardiner\u00eda profesional en Huelva y Andaluc\u00eda. Juan Jos\u00e9 Fern\u00e1ndez. Paisajismo - Jardiner\u00eda - Mantenimiento - Asesoramiento\u00a0","breadcrumb":{"@id":"https:\/\/juanjosefernandez.es\/pt\/bio\/#breadcrumb"},"inLanguage":"pt-PT","potentialAction":[{"@type":"ReadAction","target":[["https:\/\/juanjosefernandez.es\/pt\/bio\/"]]}]},{"@type":"ImageObject","inLanguage":"pt-PT","@id":"https:\/\/juanjosefernandez.es\/pt\/bio\/#primaryimage","url":"https:\/\/juanjosefernandez.es\/wp-content\/uploads\/2015\/07\/bio-ok.jpg","contentUrl":"https:\/\/juanjosefernandez.es\/wp-content\/uploads\/2015\/07\/bio-ok.jpg","width":3456,"height":2304,"caption":"Bio - Juan Jos\u00e9 Fern\u00e1ndez - Jardiner\u00eda y Paisajismo - Huelva"},{"@type":"BreadcrumbList","@id":"https:\/\/juanjosefernandez.es\/pt\/bio\/#breadcrumb","itemListElement":[{"@type":"ListItem","position":1,"name":"Portada","item":"https:\/\/juanjosefernandez.es\/pt\/"},{"@type":"ListItem","position":2,"name":"Bio"}]},{"@type":"WebSite","@id":"https:\/\/juanjosefernandez.es\/pt\/#website","url":"https:\/\/juanjosefernandez.es\/pt\/","name":"juanjosefernandez","description":"paisajista | landscaper","publisher":{"@id":"https:\/\/juanjosefernandez.es\/pt\/#\/schema\/person\/48b0547b9beac3e217ece751a4575600"},"potentialAction":[{"@type":"SearchAction","target":{"@type":"EntryPoint","urlTemplate":"https:\/\/juanjosefernandez.es\/pt\/?s={search_term_string}"},"query-input":{"@type":"PropertyValueSpecification","valueRequired":true,"valueName":"search_term_string"}}],"inLanguage":"pt-PT"},{"@type":["Person","Organization"],"@id":"https:\/\/juanjosefernandez.es\/pt\/#\/schema\/person\/48b0547b9beac3e217ece751a4575600","name":"juanjosefernandez","image":{"@type":"ImageObject","inLanguage":"pt-PT","@id":"https:\/\/juanjosefernandez.es\/pt\/#\/schema\/person\/image\/","url":"https:\/\/juanjosefernandez.es\/wp-content\/uploads\/2015\/07\/jj-simbolo2.png","contentUrl":"https:\/\/juanjosefernandez.es\/wp-content\/uploads\/2015\/07\/jj-simbolo2.png","width":198,"height":198,"caption":"juanjosefernandez"},"logo":{"@id":"https:\/\/juanjosefernandez.es\/pt\/#\/schema\/person\/image\/"}}]}},"_links":{"self":[{"href":"https:\/\/juanjosefernandez.es\/pt\/wp-json\/wp\/v2\/pages\/8"}],"collection":[{"href":"https:\/\/juanjosefernandez.es\/pt\/wp-json\/wp\/v2\/pages"}],"about":[{"href":"https:\/\/juanjosefernandez.es\/pt\/wp-json\/wp\/v2\/types\/page"}],"author":[{"embeddable":true,"href":"https:\/\/juanjosefernandez.es\/pt\/wp-json\/wp\/v2\/users\/1"}],"replies":[{"embeddable":true,"href":"https:\/\/juanjosefernandez.es\/pt\/wp-json\/wp\/v2\/comments?post=8"}],"version-history":[{"count":34,"href":"https:\/\/juanjosefernandez.es\/pt\/wp-json\/wp\/v2\/pages\/8\/revisions"}],"predecessor-version":[{"id":1124,"href":"https:\/\/juanjosefernandez.es\/pt\/wp-json\/wp\/v2\/pages\/8\/revisions\/1124"}],"wp:featuredmedia":[{"embeddable":true,"href":"https:\/\/juanjosefernandez.es\/pt\/wp-json\/wp\/v2\/media\/759"}],"wp:attachment":[{"href":"https:\/\/juanjosefernandez.es\/pt\/wp-json\/wp\/v2\/media?parent=8"}],"curies":[{"name":"wp","href":"https:\/\/api.w.org\/{rel}","templated":true}]}}

<div class="wpb-content-wrapper"><p>[vc_row][vc_column][lab_heading title=&#8221; “El amor por los Jardines no es algo que se estudia, ni se aprende, es algo que se siente”. &#8220;]Disfrútalo.[/lab_heading][/vc_column][/vc_row][vc_row][vc_column reveal_effect=&#8221;&#8221; css=&#8221;.vc_custom_1447781377793{padding-top: 10px !important;padding-right: 10px !important;padding-bottom: 10px !important;padding-left: 10px !important;}&#8221;][vc_single_image image=&#8221;762&#8243; img_size=&#8221;1200&#215;450&#8243; alignment=&#8221;center&#8221; onclick=&#8221;link_image&#8221;][vc_column_text]Huelva es mi hogar, y desde aquí desarrollo mi actividad y mi pasión: el Paisajismo.</p>
<p>Tras cursar estudios primarios, me diplomo como<strong> Ingeniero Técnico Agrícola </strong>por la<strong> Universidad Politécnica de La Rábida</strong>, perteneciente a la Universidad de Huelva (UHU).</p>
<p>Tras dos intensos años, consigo una <strong>Beca Leonardo Da Vinci</strong>, en la que compagino trabajo y el estudio del <strong>idioma en Italia</strong>.<br />
A continuación vuelvo a volar a España, esta vez a Almería, para cursar un <strong>Postgrado en Cultivos Hidropónicos en la Universidad de Almería</strong>.<br />
En esta época comienzo mi actividad laboral en diferentes puestos de grandes explotaciones agrícolas de Huelva.</p>
<p>Y de nuevo a volar, esta vez a Madrid, donde curso el <strong>Master de Jardinería y Paisajismo de la Universidad Politécnica de Madrid</strong>, dónde adquiero los conocimientos y herramientas imprescindibles que hoy me permiten desarrollar mi actividad como Paisajista.</p>
<p>Actualmente, desarrollo mis proyectos desde Huelva, junto a mis colaboradores, para toda la geografía nacional.[/vc_column_text][/vc_column][/vc_row]</p>
</div>

<p>[vc_row][vc_column][lab_heading title=&#8221; “El amor por los Jardines no es algo que se estudia, ni se aprende, es algo que se siente”. &#8220;]Disfrútalo.[/lab_heading][/vc_column][/vc_row][vc_row][vc_column reveal_effect=&#8221;&#8221; css=&#8221;.vc_custom_1447781377793{padding-top: 10px !important;padding-right: 10px !important;padding-bottom: 10px !important;padding-left: 10px !important;}&#8221;][vc_single_image image=&#8221;762&#8243; img_size=&#8221;1200&#215;450&#8243; alignment=&#8221;center&#8221; onclick=&#8221;link_image&#8221;][vc_column_text]Huelva es mi hogar, y desde aquí desarrollo mi actividad y mi pasión: el Paisajismo. Tras cursar estudios primarios, me&hellip;</p>

<!-- This site is optimized with the Yoast SEO plugin v24.9 - https://yoast.com/wordpress/plugins/seo/ -->
<title>Bio - Juan José Fernández - Jardinería y Paisajismo - Huelva</title>
<meta name="description" content="Bio - Servicios de paisajismo y jardinería profesional en Huelva y Andalucía. Juan José Fernández. Paisajismo - Jardinería - Mantenimiento - Asesoramiento " />
<meta name="robots" content="index, follow, max-snippet:-1, max-image-preview:large, max-video-preview:-1" />
<link rel="canonical" href="https://juanjosefernandez.es/pt/bio/" />
<meta property="og:locale" content="pt_PT" />
<meta property="og:type" content="article" />
<meta property="og:title" content="Bio - Juan José Fernández - Jardinería y Paisajismo - Huelva" />
<meta property="og:description" content="Bio - Servicios de paisajismo y jardinería profesional en Huelva y Andalucía. Juan José Fernández. Paisajismo - Jardinería - Mantenimiento - Asesoramiento " />
<meta property="og:url" content="https://juanjosefernandez.es/pt/bio/" />
<meta property="og:site_name" content="juanjosefernandez" />
<meta property="article:modified_time" content="2016-01-12T11:38:15+00:00" />
<meta property="og:image" content="https://juanjosefernandez.es/wp-content/uploads/2015/07/bio-ok.jpg" />
	<meta property="og:image:width" content="3456" />
	<meta property="og:image:height" content="2304" />
	<meta property="og:image:type" content="image/jpeg" />
<meta name="twitter:card" content="summary_large_image" />
<meta name="twitter:label1" content="Tempo estimado de leitura" />
	<meta name="twitter:data1" content="5 minutos" />
<script type="application/ld+json" class="yoast-schema-graph">{"@context":"https://schema.org","@graph":[{"@type":"WebPage","@id":"https://juanjosefernandez.es/pt/bio/","url":"https://juanjosefernandez.es/pt/bio/","name":"Bio - Juan José Fernández - Jardinería y Paisajismo - Huelva","isPartOf":{"@id":"https://juanjosefernandez.es/pt/#website"},"primaryImageOfPage":{"@id":"https://juanjosefernandez.es/pt/bio/#primaryimage"},"image":{"@id":"https://juanjosefernandez.es/bio/#primaryimage"},"thumbnailUrl":"https://juanjosefernandez.es/wp-content/uploads/2015/07/bio-ok.jpg","datePublished":"2015-07-06T11:20:12+00:00","dateModified":"2016-01-12T11:38:15+00:00","description":"Bio - Servicios de paisajismo y jardinería profesional en Huelva y Andalucía. Juan José Fernández. Paisajismo - Jardinería - Mantenimiento - Asesoramiento ","breadcrumb":{"@id":"https://juanjosefernandez.es/pt/bio/#breadcrumb"},"inLanguage":"pt-PT","potentialAction":[{"@type":"ReadAction","target":[["https://juanjosefernandez.es/pt/bio/"]]}]},{"@type":"ImageObject","inLanguage":"pt-PT","@id":"https://juanjosefernandez.es/pt/bio/#primaryimage","url":"https://juanjosefernandez.es/wp-content/uploads/2015/07/bio-ok.jpg","contentUrl":"https://juanjosefernandez.es/wp-content/uploads/2015/07/bio-ok.jpg","width":3456,"height":2304,"caption":"Bio - Juan José Fernández - Jardinería y Paisajismo - Huelva"},{"@type":"BreadcrumbList","@id":"https://juanjosefernandez.es/pt/bio/#breadcrumb","itemListElement":[{"@type":"ListItem","position":1,"name":"Portada","item":"https://juanjosefernandez.es/pt/"},{"@type":"ListItem","position":2,"name":"Bio"}]},{"@type":"WebSite","@id":"https://juanjosefernandez.es/pt/#website","url":"https://juanjosefernandez.es/pt/","name":"juanjosefernandez","description":"paisajista | landscaper","publisher":{"@id":"https://juanjosefernandez.es/pt/#/schema/person/48b0547b9beac3e217ece751a4575600"},"potentialAction":[{"@type":"SearchAction","target":{"@type":"EntryPoint","urlTemplate":"https://juanjosefernandez.es/pt/?s={search_term_string}"},"query-input":{"@type":"PropertyValueSpecification","valueRequired":true,"valueName":"search_term_string"}}],"inLanguage":"pt-PT"},{"@type":["Person","Organization"],"@id":"https://juanjosefernandez.es/pt/#/schema/person/48b0547b9beac3e217ece751a4575600","name":"juanjosefernandez","image":{"@type":"ImageObject","inLanguage":"pt-PT","@id":"https://juanjosefernandez.es/pt/#/schema/person/image/","url":"https://juanjosefernandez.es/wp-content/uploads/2015/07/jj-simbolo2.png","contentUrl":"https://juanjosefernandez.es/wp-content/uploads/2015/07/jj-simbolo2.png","width":198,"height":198,"caption":"juanjosefernandez"},"logo":{"@id":"https://juanjosefernandez.es/pt/#/schema/person/image/"}}]}</script>
<!-- / Yoast SEO plugin. -->

Bio - Juan José Fernández - Jardinería y Paisajismo - Huelva

Bio - Servicios de paisajismo y jardinería profesional en Huelva y Andalucía. Juan José Fernández. Paisajismo - Jardinería - Mantenimiento - Asesoramiento
